044 (base 6) in base 4?
-22210
What is 537 (base 9) in base 2?
110110111
What is -340342 (base 5) in base 9?
-17372
-100001020 (base 3) to base 6
-50310
Convert 1132 (base 10) to base 8.
2154
What is 2011231 (base 4) in base 11?
647a
Convert -255 (base 14) to base 12.
-32b
-56824 (base 10) to base 14
-169cc
423 (base 10) to base 7
1143
What is -30210321 (base 4) in base 10?
-51513
What is -111321 (base 4) in base 2?
-10101111001
What is 66821 (base 10) in base 14?
1a4cd
What is -2435 (base 6) in base 14?
-30b
What is -41016 (base 7) in base 9?
-14586
-411 (base 14) to base 6
-3411
Convert -2000 (base 7) to base 11.
-574
Convert 1213 (base 6) to base 9.
360
Convert -963 (base 13) to base 6.
-11230
22103 (base 11) to base 15
977d
-210020022 (base 3) to base 9
-23208
What is 76 (base 12) in base 2?
1011010
440 (base 9) to base 2
101101000
What is -120101211 (base 3) in base 2?
-10101111011011
Convert 11767 (base 11) to base 12.
9938
Convert -56 (base 12) to base 2.
-1000010
1b4 (base 15) to base 4
12022
What is 210131 (base 5) in base 11?
5218
Convert -31212 (base 5) to base 12.
-1235
Convert 1ab6 (base 13) to base 3.
12112111
What is -802 (base 10) in base 4?
-30202
-11110011 (base 2) to base 15
-113
Convert -2310 (base 7) to base 9.
-1133
-100001010 (base 2) to base 16
-10a
Convert -10013310 (base 4) to base 11.
-1175a
1440 (base 9) to base 2
10001000001
e8f (base 16) to base 4
322033
-17d2b (base 14) to base 6
-1142431
Convert 10010110000 (base 2) to base 13.
714
Convert 1420 (base 8) to base 2.
1100010000
-2441 (base 6) to base 2
-1001011001
4901 (base 11) to base 8
14416
What is 202 (base 11) in base 13?
15a
What is -1505 (base 9) in base 4?
-101303
cf3 (base 16) to base 11
2544
22454 (base 10) to base 5
1204304
Convert -605 (base 8) to base 4.
-12011
9cb0 (base 14) to base 3
1101022111
2333 (base 4) to base 6
515
17f (base 16) to base 9
465
What is -529 (base 10) in base 11?
-441
Convert -7599 (base 10) to base 3.
-101102110
What is 11110001 (base 2) in base 6?
1041
Convert -1012121 (base 3) to base 9.
-1177
Convert -615 (base 8) to base 6.
-1501
What is 112 (base 16) in base 14?
158
What is 536 (base 11) in base 14?
340
What is 596 (base 11) in base 6?
3142
Convert 3842 (base 10) to base 13.
1997
6b (base 12) to base 7
146
254 (base 9) to base 3
21211
3242 (base 9) to base 6
15015
Convert 2091 (base 14) to base 16.
15ef
-123145 (base 6) to base 11
-8364
What is -6606 (base 10) in base 13?
-3012
What is -6132 (base 12) in base 3?
-112110202
43032 (base 9) to base 11
1a423
What is 10031 (base 6) in base 4?
110203
What is -3213 (base 4) in base 13?
-14a
764 (base 11) to base 12
645
-974 (base 10) to base 3
-1100002
-101223 (base 6) to base 2
-1111110001111
What is 13617 (base 8) in base 2?
1011110001111
What is -673d (base 16) in base 13?
-c050
What is 42004 (base 6) in base 8?
12764
What is -4e54 (base 15) in base 12?
-9821
Convert -22134 (base 6) to base 10.
-3082
-1201 (base 9) to base 2
-1101111100
What is 258 (base 15) in base 13?
320
-2340 (base 7) to base 8
-1535
What is -1632a (base 13) in base 3?
-2011000011
Convert -440 (base 10) to base 15.
-1e5
-1b2 (base 12) to base 16
-116
What is 3311 (base 4) in base 15?
115
33002 (base 5) to base 12
1378
What is 5b30 (base 14) in base 9?
23746
What is 35617 (base 8) in base 2?
11101110001111
-206 (base 12) to base 5
-2134
2655 (base 7) to base 14
52c
What is -31566 (base 9) in base 10?
-20877
5181 (base 9) to base 12
2247
Convert a460 (base 13) to base 6.
253112
What is 1012 (base 8) in base 5?
4042
Convert -65458 (base 10) to base 14.
-19bd8
-2944 (base 12) to base 6
-34124
What is 23063 (base 9) in base 11?
105aa
Convert -10110 (base 3) to base 6.
-233
Convert 27e (base 16) to base 10.
638
Convert 312e (base 16) to base 11.
9506
-46b4 (base 15) to base 16
-3aab
22702 (base 8) to base 10
9666
Convert -2241 (base 6) to base 10.
-529
Convert 43311 (base 7) to base 6.
121540
Convert -940 (base 10) to base 13.
-574
Convert -44240 (base 5) to base 16.
-bfe
Convert 2ba (base 16) to base 10.
698
Convert 1470 (base 12) to base 14.
c28
Convert 1221102 (base 3) to base 10.
1415
What is -3d3 (base 15) in base 3?
-1012100
-17218 (base 11) to base 12
-12023
What is 22203 (base 5) in base 14?
7cd
What is -165b0 (base 14) in base 13?
-1c65a
-50eb (base 15) to base 3
-212110012
-462 (base 12) to base 13
-3b0
Convert 97 (base 11) to base 10.
106
14223 (base 7) to base 12
2300
What is 23213 (base 5) in base 8?
3223
What is e7 (base 15) in base 10?
217
Convert 26d9 (base 14) to base 8.
15307
What is -393 (base 11) in base 6?
-2053
What is -41165 (base 9) in base 10?
-27113
-1012132 (base 4) to base 2
-1000110011110
What is 132032 (base 6) in base 14?
45b6
Convert 22120222 (base 3) to base 16.
1877
-44303 (base 5) to base 6
-22130
Convert -23501 (base 6) to base 10.
-3421
Convert 30442 (base 9) to base 14.
743b
What is -140 (base 13) in base 9?
-265
What is -11033 (base 4) in base 13?
-1ca
-14 (base 10) to base 5
-24
-328 (base 12) to base 8
-720
-516a0 (base 11) to base 16
-1266c
Convert 2536 (base 8) to base 11.
103a
-1021012 (base 3) to base 9
-1235
What is 23434 (base 6) in base 7?
12634
-1a72 (base 14) to base 6
-34124
-12b (base 15) to base 6
-1122
Convert -be8c (base 15) to base 10.
-40407
Convert -30162 (base 11) to base 14.
-1210c
1d7 (base 15) to base 16
1ab
What is 22861 (base 9) in base 13?
6c58
Convert -a399 (base 12) to base 2.
-100010110100101
a95 (base 11) to base 12
916
What is 3b4a (base 12) in base 11?
5146
Convert -c68 (base 14) to base 2.
-100110001100
7a0 (base 15) to base 9
2326
2962 (base 12) to base 6
34202
4337 (base 12) to base 10
7387
Convert -42014 (base 6) to base 12.
-330a
Convert 31c3 (base 13) to base 10.
6919
What is 324012 (base 5) in base 11?
8400
Convert -12cd (base 15) to base 6.
-30334
Convert -73072 (base 9) to base 3.
-2110002102
Convert -1200021010 (base 3) to base 16.
-80e5
What is 1dc6 (base 15) in base 3?
22220020
6134 (base 11) to base 6
101412
1984 (base 13) to base 3
12020201
What is -4460 (base 7) in base 2?
-11001001010
681 (base 10) to base 3
221020
1100000011101010 (base 2) to base 8
140352
-1010100111 (base 2) to base 12
-487
1369 (base 14) to base 5
102200
-110111110011010 (base 2) to base 8
-67632
What is -2020110 (base 3) in base 16?
-660
Convert -10111010100 (base 2) to base 4.
-113110
120220 (base 3) to base 12
2b9
1045 (base 7) to base 4
11320
-5363 (base 8) to base 4
-223303
What is 101112 (base 5) in base 10?
3282
101010000001 (base 2) to base 9
3617
What is 110212 (base 3) in base 15?
182
Convert -836 (base 9) to base 10.
-681
What is 1606 (base 9) in base 16?
4c5
Convert -31344 (base 6) to base 13.
-1c12
What is -4453 (base 12) in base 14?
-2a75
What is -7230 (base 8) in base 5?
-104421
-300213 (base 4) to base 6
-22223
Convert -18425 (base 12) to base 9.
-53212
Convert 1be3 (base 15) to base 12.
3613
Convert -11211 (base 5) to base 13.
-4a0
Convert 948 (base 10) to base 12.
670
Convert 103432 (base 6) to base 2.
10000110001100
What is -7a58 (base 11) in base 5?
-314330
-21540 (base 6) to base 7
-11532
Convert 2589 (base 12) to base 2.
1000010111001
-556 (base 15) to base 5
-14311
What is -2020421 (base 5) in base 7?
-164035
What is 11042 (base 6) in base 14?
7bc
What is -100001101 (base 2) in base 14?
-153
What is -480 (base 13) in base 11?
-64a
-12a7 (base 12) to base 4
-201133
Convert 54 (base 8) to base 14.
32
41 (base 14) to base 6
133
Convert -78 (base 12) to base 3.
-10102
What is 2d7 (base 15) in base 9?
804
What is -1243 (base 10) in base 5?
-14433
-3032 (base 5) to base 16
-188
Convert 1051 (base 9) to base 7.
2155
-5335 (base 6) to base 3
-1122212
What is 233 (base 10) in base 11?
1a2
What is 4304 (base 8) in base 15?
9e9
Convert -55003 (base 6) to base 12.
-4463
Convert 60cd (base 14) to base 7.
66346
What is 37a4 (base 11) in base 16?
135a
40632 (base 9) to base 11
19117
What is 322143 (base 5) in base 6?
122323
712 (base 15) to base 6
11212
-1ca4 (base 13) to base 8
-10407
Convert -1310 (base 7) to base 16.
-1f1
What is 2504 (base 12) in base 11?
3160
What is -13c (base 14) in base 15?
-11a
-11210 (base 3) to base 4
-2001
Convert -5c7 (base 14) to base 12.
-803
200110 (base 3) to base 9
613
Convert -5983 (base 16) to base 4.
-1121